{"id":2,"date":"2015-10-05T14:05:15","date_gmt":"2015-10-05T12:05:15","guid":{"rendered":"http:\/\/test.motronik.com.pl\/?page_id=2"},"modified":"2021-08-17T10:50:38","modified_gmt":"2021-08-17T08:50:38","slug":"przykladowa-strona","status":"publish","type":"page","link":"https:\/\/motronik.com.pl\/index.php\/przykladowa-strona\/","title":{"rendered":"Kontakt"},"content":{"rendered":"<p><strong>Zak\u0142ad Elektroniki i Informatyki \u201eMOTRONIK\u201d L.Grzebyk A.Szadkowski Sp\u00f3\u0142ka jawna<\/strong><\/p>\n<p>Zak\u0142ad Elektroniki i Informatyki <strong>MOTRONIK<\/strong>, dzia\u0142a od 1 stycznia 1992 r.<br \/>\nZa\u0142o\u017cycielami i w\u0142a\u015bcicielami firmy s\u0105:<\/p>\n<p>mgr in\u017c Andrzej SZADKOWSKI<\/p>\n<p>mgr in\u017c Leszek GRZEBYK<\/p>\n<table border=\"0\" width=\"621\" align=\"center\">\n<tbody>\n<tr>\n<td width=\"40%\">\n<h5>SIEDZIBA SP\u00d3\u0141KI:<\/h5>\n<\/td>\n<td style=\"text-align: right;\">ul. Solskiego 10<br \/>\n39-300 Mielec<br \/>\nPOLAND<\/td>\n<\/tr>\n<\/tbody>\n<\/table>\n<table border=\"0\" width=\"621\" align=\"center\">\n<tbody>\n<tr>\n<td width=\"40%\">\n<h5>DANE REJESTRACYJNE:<\/h5>\n<\/td>\n<td>\n<div align=\"right\">NIP:\u00a0 817-000-46-04<\/div>\n<div align=\"right\">REGON:\u00a0 690013815<\/div>\n<div align=\"right\">KRS:\u00a0 000108815<\/div>\n<\/td>\n<\/tr>\n<\/tbody>\n<\/table>\n<table border=\"0\" width=\"621\" align=\"center\">\n<tbody>\n<tr>\n<td width=\"40%\">Dzia\u0142 handlowy:<\/td>\n<td><b>17 583 3665 \u00a0<\/b><span class=\"Apple-converted-space\">\u00a0<\/span><a class=\"menu_link\" href=\"mailto:motronik@motronik.com.pl\">motronik@motronik.com.pl<\/a><\/td>\n<\/tr>\n<tr>\n<td>\u00a0Serwis fiskalny:<\/td>\n<td><b>17 583 7066 \u00a0<\/b><span class=\"Apple-converted-space\">\u00a0<\/span><a class=\"menu_link\" href=\"mailto:fiskalni@motronik.com.pl\">fiskalni@motronik.com.pl<\/a><\/td>\n<\/tr>\n<tr>\n<td>\u00a0Serwis komputerowy:<\/td>\n<td><b>17 583 7066\u00a0<\/b>\u00a0<span class=\"Apple-converted-space\">\u00a0<\/span><a class=\"menu_link\" href=\"mailto:serwis@motronik.com.pl\">serwis@motronik.com.pl<\/a><\/td>\n<\/tr>\n<tr>\n<td>\u00a0Zarz\u0105d:<\/td>\n<td><b>17 583 3695\u00a0<\/b>\u00a0<span class=\"Apple-converted-space\">\u00a0<\/span><a class=\"menu_link\" href=\"mailto:biuro@motronik.com.pl\">biuro@motronik.com.pl<\/a><\/td>\n<\/tr>\n<\/tbody>\n<\/table>\n<h4 style=\"text-align: center;\">Zapraszamy od poniedzia\u0142ku do pi\u0105tku w godzinach 8:00 \u2013 16:00<\/h4>\n<p style=\"text-align: center;\"><iframe loading=\"lazy\" style=\"border: 0;\" src=\"https:\/\/www.google.com\/maps\/embed?pb=!1m18!1m12!1m3!1d2133.822666966228!2d21.43570331527622!3d50.29863640617391!2m3!1f0!2f0!3f0!3m2!1i1024!2i768!4f13.1!3m3!1m2!1s0x473d6b1162d0ebcf%3A0xeab094586eb1c6fe!2sMOTRONIK+sp.j.+-+Zak%C5%82ad+Elektroniki+i+Informatyki!5e1!3m2!1spl!2spl!4v1445017051980\" width=\"600\" height=\"450\" frameborder=\"0\" allowfullscreen=\"allowfullscreen\"><\/iframe><\/p>\n","protected":false},"excerpt":{"rendered":"<p>Zak\u0142ad Elektroniki i Informatyki \u201eMOTRONIK\u201d L.Grzebyk A.Szadkowski Sp\u00f3\u0142ka jawna Zak\u0142ad Elektroniki i Informatyki MOTRONIK, dzia\u0142a od 1 stycznia 1992 r. Za\u0142o\u017cycielami i w\u0142a\u015bcicielami firmy s\u0105: mgr in\u017c Andrzej SZADKOWSKI mgr in\u017c Leszek GRZEBYK SIEDZIBA SP\u00d3\u0141KI: ul. Solskiego 10 39-300 Mielec <a class=\"more-link\" href=\"https:\/\/motronik.com.pl\/index.php\/przykladowa-strona\/\">Czytaj wi\u0119cej&#8230;<\/a><\/p>\n","protected":false},"author":1,"featured_media":512,"parent":0,"menu_order":4,"comment_status":"closed","ping_status":"open","template":"","meta":{"footnotes":""},"class_list":["post-2","page","type-page","status-publish","has-post-thumbnail","hentry"],"_links":{"self":[{"href":"https:\/\/motronik.com.pl\/index.php\/wp-json\/wp\/v2\/pages\/2","targetHints":{"allow":["GET"]}}],"collection":[{"href":"https:\/\/motronik.com.pl\/index.php\/wp-json\/wp\/v2\/pages"}],"about":[{"href":"https:\/\/motronik.com.pl\/index.php\/wp-json\/wp\/v2\/types\/page"}],"author":[{"embeddable":true,"href":"https:\/\/motronik.com.pl\/index.php\/wp-json\/wp\/v2\/users\/1"}],"replies":[{"embeddable":true,"href":"https:\/\/motronik.com.pl\/index.php\/wp-json\/wp\/v2\/comments?post=2"}],"version-history":[{"count":16,"href":"https:\/\/motronik.com.pl\/index.php\/wp-json\/wp\/v2\/pages\/2\/revisions"}],"predecessor-version":[{"id":743,"href":"https:\/\/motronik.com.pl\/index.php\/wp-json\/wp\/v2\/pages\/2\/revisions\/743"}],"wp:featuredmedia":[{"embeddable":true,"href":"https:\/\/motronik.com.pl\/index.php\/wp-json\/wp\/v2\/media\/512"}],"wp:attachment":[{"href":"https:\/\/motronik.com.pl\/index.php\/wp-json\/wp\/v2\/media?parent=2"}],"curies":[{"name":"wp","href":"https:\/\/api.w.org\/{rel}","templated":true}]}}