{"id":431,"date":"2016-03-14T10:02:18","date_gmt":"2016-03-14T09:02:18","guid":{"rendered":"http:\/\/test.motronik.com.pl\/index.php\/sklep\/"},"modified":"2018-06-15T17:39:36","modified_gmt":"2018-06-15T15:39:36","slug":"sklep","status":"publish","type":"page","link":"https:\/\/motronik.com.pl\/","title":{"rendered":"Oferta specjalna"},"content":{"rendered":"<p>Ceny urz\u0105dze\u0144 fiskalnych s\u0105 na stronach producent\u00f3w. Zapraszamy do naszej firmy na prezentacj\u0119 urz\u0105dze\u0144 Posnet, Novitus, Elzab, Fawag,Datecs. Ceny urz\u0105dze\u0144 fiskalnych podlegaj\u0105 negocjacjom.<\/p>\n","protected":false},"excerpt":{"rendered":"<p>Ceny urz\u0105dze\u0144 fiskalnych s\u0105 na stronach producent\u00f3w. Zapraszamy do naszej firmy na prezentacj\u0119 urz\u0105dze\u0144 Posnet, Novitus, Elzab, Fawag,Datecs. Ceny urz\u0105dze\u0144 fiskalnych podlegaj\u0105 negocjacjom.<\/p>\n","protected":false},"author":1,"featured_media":0,"parent":360,"menu_order":2,"comment_status":"closed","ping_status":"closed","template":"","meta":{"footnotes":""},"class_list":["post-431","page","type-page","status-publish","hentry"],"_links":{"self":[{"href":"https:\/\/motronik.com.pl\/index.php\/wp-json\/wp\/v2\/pages\/431","targetHints":{"allow":["GET"]}}],"collection":[{"href":"https:\/\/motronik.com.pl\/index.php\/wp-json\/wp\/v2\/pages"}],"about":[{"href":"https:\/\/motronik.com.pl\/index.php\/wp-json\/wp\/v2\/types\/page"}],"author":[{"embeddable":true,"href":"https:\/\/motronik.com.pl\/index.php\/wp-json\/wp\/v2\/users\/1"}],"replies":[{"embeddable":true,"href":"https:\/\/motronik.com.pl\/index.php\/wp-json\/wp\/v2\/comments?post=431"}],"version-history":[{"count":4,"href":"https:\/\/motronik.com.pl\/index.php\/wp-json\/wp\/v2\/pages\/431\/revisions"}],"predecessor-version":[{"id":681,"href":"https:\/\/motronik.com.pl\/index.php\/wp-json\/wp\/v2\/pages\/431\/revisions\/681"}],"up":[{"embeddable":true,"href":"https:\/\/motronik.com.pl\/index.php\/wp-json\/wp\/v2\/pages\/360"}],"wp:attachment":[{"href":"https:\/\/motronik.com.pl\/index.php\/wp-json\/wp\/v2\/media?parent=431"}],"curies":[{"name":"wp","href":"https:\/\/api.w.org\/{rel}","templated":true}]}}