{"id":569,"date":"2016-04-27T09:26:48","date_gmt":"2016-04-27T07:26:48","guid":{"rendered":"http:\/\/motronik.com.pl\/?page_id=569"},"modified":"2016-05-11T14:08:14","modified_gmt":"2016-05-11T12:08:14","slug":"instalacja-kamery-eurocam","status":"publish","type":"page","link":"https:\/\/motronik.com.pl\/index.php\/urzadzenia-fiskalne\/162-2\/instalacja-kamery-eurocam\/","title":{"rendered":"Instalacja kamery z laptopa"},"content":{"rendered":"<h2 style=\"text-align: center;\"><\/h2>\n<p>Kamery Eurocam \u0142\u0105cz\u0105 si\u0119 z internetem tylko poprzez \u0142\u0105cze WIFI. Ustawione fabrycznie nie s\u0105 pod\u0142\u0105czone do \u017cadnej sieci. Jak wi\u0119c po\u0142\u0105czy\u0107 je z naszym AP (Access Point) WIFI? Je\u017celi kamera nie ma zestawionego po\u0142\u0105czenia to sama dzia\u0142a w trybie AP. SSID kamery zawsze b\u0119dzie zaczyna\u0142 si\u0119 od IPCAM-AP, tak jak poni\u017cej:<\/p>\n<p><a href=\"http:\/\/motronik.com.pl\/wp-content\/uploads\/2016\/05\/EM1a.png\" rel=\"attachment wp-att-602\"><img loading=\"lazy\" decoding=\"async\" class=\"alignnone size-full wp-image-602\" src=\"http:\/\/motronik.com.pl\/wp-content\/uploads\/2016\/05\/EM1a.png\" alt=\"EM1a\" width=\"1280\" height=\"800\" srcset=\"https:\/\/motronik.com.pl\/wp-content\/uploads\/2016\/05\/EM1a.png 1280w, https:\/\/motronik.com.pl\/wp-content\/uploads\/2016\/05\/EM1a-300x188.png 300w, https:\/\/motronik.com.pl\/wp-content\/uploads\/2016\/05\/EM1a-768x480.png 768w, https:\/\/motronik.com.pl\/wp-content\/uploads\/2016\/05\/EM1a-1024x640.png 1024w\" sizes=\"auto, (max-width: 1280px) 100vw, 1280px\" \/><\/a><\/p>\n<p style=\"text-align: left;\">W pierwszej kolejno\u015bci musimy po\u0142\u0105czy\u0107 si\u0119 z AP kamery do kt\u00f3rego dost\u0119p jest bez has\u0142a. W nast\u0119pnej kolejno\u015bci otwieramy w przegl\u0105darce (najlepiej Internet Explorer) stron\u0119 http:\/\/192.168.234.1 Je\u017celi jeste\u015bmy poprawnie po\u0142\u0105czeni z kamer\u0105 zobaczymy ekran jak poni\u017cej<\/p>\n<p style=\"text-align: center;\"><a href=\"http:\/\/motronik.com.pl\/wp-content\/uploads\/2016\/04\/EM2.png\" rel=\"attachment wp-att-556\"><img loading=\"lazy\" decoding=\"async\" class=\"alignnone size-full wp-image-556\" src=\"http:\/\/motronik.com.pl\/wp-content\/uploads\/2016\/04\/EM2.png\" alt=\"EM2\" width=\"1280\" height=\"800\" srcset=\"https:\/\/motronik.com.pl\/wp-content\/uploads\/2016\/04\/EM2.png 1280w, https:\/\/motronik.com.pl\/wp-content\/uploads\/2016\/04\/EM2-300x188.png 300w, https:\/\/motronik.com.pl\/wp-content\/uploads\/2016\/04\/EM2-768x480.png 768w, https:\/\/motronik.com.pl\/wp-content\/uploads\/2016\/04\/EM2-1024x640.png 1024w\" sizes=\"auto, (max-width: 1280px) 100vw, 1280px\" \/><\/a><\/p>\n<p style=\"text-align: left;\">Wybieramy j\u0119zyk w kt\u00f3rym strona b\u0119dzie wy\u015bwietlana i wpisujemy login i has\u0142o. Standardowo jest to <strong>admin admin.<\/strong><\/p>\n<p style=\"text-align: left;\"><a href=\"http:\/\/motronik.com.pl\/wp-content\/uploads\/2016\/04\/EM3.png\" rel=\"attachment wp-att-557\"><img loading=\"lazy\" decoding=\"async\" class=\"alignnone size-full wp-image-557\" src=\"http:\/\/motronik.com.pl\/wp-content\/uploads\/2016\/04\/EM3.png\" alt=\"EM3\" width=\"1280\" height=\"800\" srcset=\"https:\/\/motronik.com.pl\/wp-content\/uploads\/2016\/04\/EM3.png 1280w, https:\/\/motronik.com.pl\/wp-content\/uploads\/2016\/04\/EM3-300x188.png 300w, https:\/\/motronik.com.pl\/wp-content\/uploads\/2016\/04\/EM3-768x480.png 768w, https:\/\/motronik.com.pl\/wp-content\/uploads\/2016\/04\/EM3-1024x640.png 1024w\" sizes=\"auto, (max-width: 1280px) 100vw, 1280px\" \/><\/a><\/p>\n<p style=\"text-align: left;\">Po zalogowaniu zobaczymy na ekranie komunikat:<\/p>\n<p style=\"text-align: left;\"><a href=\"http:\/\/motronik.com.pl\/wp-content\/uploads\/2016\/04\/EM4.png\" rel=\"attachment wp-att-558\"><img loading=\"lazy\" decoding=\"async\" class=\"alignnone size-full wp-image-558\" src=\"http:\/\/motronik.com.pl\/wp-content\/uploads\/2016\/04\/EM4.png\" alt=\"EM4\" width=\"1280\" height=\"800\" srcset=\"https:\/\/motronik.com.pl\/wp-content\/uploads\/2016\/04\/EM4.png 1280w, https:\/\/motronik.com.pl\/wp-content\/uploads\/2016\/04\/EM4-300x188.png 300w, https:\/\/motronik.com.pl\/wp-content\/uploads\/2016\/04\/EM4-768x480.png 768w, https:\/\/motronik.com.pl\/wp-content\/uploads\/2016\/04\/EM4-1024x640.png 1024w\" sizes=\"auto, (max-width: 1280px) 100vw, 1280px\" \/><\/a><\/p>\n<p style=\"text-align: left;\">Jest to monit z przegl\u0105darki o zainstalowanie wtyczki kt\u00f3ra umo\u017cliwi podgl\u0105d z kamery w przegl\u0105darce.<\/p>\n<p style=\"text-align: left;\"><a href=\"http:\/\/motronik.com.pl\/wp-content\/uploads\/2016\/04\/EM5.png\" rel=\"attachment wp-att-559\"><img loading=\"lazy\" decoding=\"async\" class=\"alignnone size-full wp-image-559\" src=\"http:\/\/motronik.com.pl\/wp-content\/uploads\/2016\/04\/EM5.png\" alt=\"EM5\" width=\"1280\" height=\"800\" srcset=\"https:\/\/motronik.com.pl\/wp-content\/uploads\/2016\/04\/EM5.png 1280w, https:\/\/motronik.com.pl\/wp-content\/uploads\/2016\/04\/EM5-300x188.png 300w, https:\/\/motronik.com.pl\/wp-content\/uploads\/2016\/04\/EM5-768x480.png 768w, https:\/\/motronik.com.pl\/wp-content\/uploads\/2016\/04\/EM5-1024x640.png 1024w\" sizes=\"auto, (max-width: 1280px) 100vw, 1280px\" \/><\/a><\/p>\n<p style=\"text-align: left;\">Je\u017celi wszystko p\u00f3jdzie dobrze to mo\u017cemy zobaczy\u0107 w przegl\u0105darce podgl\u0105d z kamery.<\/p>\n<p style=\"text-align: left;\"><a href=\"http:\/\/motronik.com.pl\/wp-content\/uploads\/2016\/04\/EM8.png\" rel=\"attachment wp-att-562\"><img loading=\"lazy\" decoding=\"async\" class=\"alignnone size-full wp-image-562\" src=\"http:\/\/motronik.com.pl\/wp-content\/uploads\/2016\/04\/EM8.png\" alt=\"EM8\" width=\"1280\" height=\"800\" srcset=\"https:\/\/motronik.com.pl\/wp-content\/uploads\/2016\/04\/EM8.png 1280w, https:\/\/motronik.com.pl\/wp-content\/uploads\/2016\/04\/EM8-300x188.png 300w, https:\/\/motronik.com.pl\/wp-content\/uploads\/2016\/04\/EM8-768x480.png 768w, https:\/\/motronik.com.pl\/wp-content\/uploads\/2016\/04\/EM8-1024x640.png 1024w\" sizes=\"auto, (max-width: 1280px) 100vw, 1280px\" \/><\/a><\/p>\n<p style=\"text-align: left;\">W nast\u0119pnej kolejno\u015bci ustawiamy has\u0142o dost\u0119pu do kamery poprzez sie\u0107 p2p. Numer kamery i has\u0142o umo\u017cliwiaj\u0105 po\u0142\u0105czenie si\u0119 z kamer\u0105 nawet je\u017celi kamera nie ma tak zwanego &#8222;zewn\u0119trznego&#8221; numeru IP.<\/p>\n<p style=\"text-align: left;\"><a href=\"http:\/\/motronik.com.pl\/wp-content\/uploads\/2016\/05\/EM9a.png\" rel=\"attachment wp-att-603\"><img loading=\"lazy\" decoding=\"async\" class=\"alignnone size-full wp-image-603\" src=\"http:\/\/motronik.com.pl\/wp-content\/uploads\/2016\/05\/EM9a.png\" alt=\"EM9a\" width=\"1280\" height=\"800\" srcset=\"https:\/\/motronik.com.pl\/wp-content\/uploads\/2016\/05\/EM9a.png 1280w, https:\/\/motronik.com.pl\/wp-content\/uploads\/2016\/05\/EM9a-300x188.png 300w, https:\/\/motronik.com.pl\/wp-content\/uploads\/2016\/05\/EM9a-768x480.png 768w, https:\/\/motronik.com.pl\/wp-content\/uploads\/2016\/05\/EM9a-1024x640.png 1024w\" sizes=\"auto, (max-width: 1280px) 100vw, 1280px\" \/><\/a><\/p>\n<p style=\"text-align: left;\">Musimy r\u00f3wnie\u017c zmieni\u0107 standardowe has\u0142a dost\u0119pu do kamery poprzez panel przegl\u0105darki:<\/p>\n<p style=\"text-align: left;\"><a href=\"http:\/\/motronik.com.pl\/wp-content\/uploads\/2016\/04\/EM10.png\" rel=\"attachment wp-att-564\"><img loading=\"lazy\" decoding=\"async\" class=\"alignnone size-full wp-image-564\" src=\"http:\/\/motronik.com.pl\/wp-content\/uploads\/2016\/04\/EM10.png\" alt=\"EM10\" width=\"1280\" height=\"800\" srcset=\"https:\/\/motronik.com.pl\/wp-content\/uploads\/2016\/04\/EM10.png 1280w, https:\/\/motronik.com.pl\/wp-content\/uploads\/2016\/04\/EM10-300x188.png 300w, https:\/\/motronik.com.pl\/wp-content\/uploads\/2016\/04\/EM10-768x480.png 768w, https:\/\/motronik.com.pl\/wp-content\/uploads\/2016\/04\/EM10-1024x640.png 1024w\" sizes=\"auto, (max-width: 1280px) 100vw, 1280px\" \/><\/a><\/p>\n<p style=\"text-align: left;\">Nast\u0119pnym etapem jest ustawienie czasu lokalnego i w\u0142\u0105czenie zmiany czasu letniego i zimowego.<\/p>\n<p style=\"text-align: left;\"><a href=\"http:\/\/motronik.com.pl\/wp-content\/uploads\/2016\/04\/EM12.png\" rel=\"attachment wp-att-566\"><img loading=\"lazy\" decoding=\"async\" class=\"alignnone size-full wp-image-566\" src=\"http:\/\/motronik.com.pl\/wp-content\/uploads\/2016\/04\/EM12.png\" alt=\"EM12\" width=\"1280\" height=\"800\" srcset=\"https:\/\/motronik.com.pl\/wp-content\/uploads\/2016\/04\/EM12.png 1280w, https:\/\/motronik.com.pl\/wp-content\/uploads\/2016\/04\/EM12-300x188.png 300w, https:\/\/motronik.com.pl\/wp-content\/uploads\/2016\/04\/EM12-768x480.png 768w, https:\/\/motronik.com.pl\/wp-content\/uploads\/2016\/04\/EM12-1024x640.png 1024w\" sizes=\"auto, (max-width: 1280px) 100vw, 1280px\" \/><\/a><\/p>\n<p style=\"text-align: left;\">Ostatnim etapem jest skonfigurowanie po\u0142\u0105czenia WIFI kamery:<\/p>\n<p style=\"text-align: left;\"><a href=\"http:\/\/motronik.com.pl\/wp-content\/uploads\/2016\/04\/EM13.png\" rel=\"attachment wp-att-567\"><img loading=\"lazy\" decoding=\"async\" class=\"alignnone size-full wp-image-567\" src=\"http:\/\/motronik.com.pl\/wp-content\/uploads\/2016\/04\/EM13.png\" alt=\"EM13\" width=\"1280\" height=\"800\" srcset=\"https:\/\/motronik.com.pl\/wp-content\/uploads\/2016\/04\/EM13.png 1280w, https:\/\/motronik.com.pl\/wp-content\/uploads\/2016\/04\/EM13-300x188.png 300w, https:\/\/motronik.com.pl\/wp-content\/uploads\/2016\/04\/EM13-768x480.png 768w, https:\/\/motronik.com.pl\/wp-content\/uploads\/2016\/04\/EM13-1024x640.png 1024w\" sizes=\"auto, (max-width: 1280px) 100vw, 1280px\" \/><\/a><\/p>\n<p style=\"text-align: left;\">Nale\u017cy klikn\u0105\u0107 przycisk szukaj i wtedy pojawi si\u0119 lista dost\u0119pnych sieci WIFI. Wybieramy t\u0105 do kt\u00f3rej chcemy kamer\u0119 pod\u0142\u0105czy\u0107, wpisujemy tryb uwierzytelniania i has\u0142o sieciowe i klikamy zastosuj. Je\u017celi wszystko posz\u0142o dobrze to niebieska dioda na kamerze powinna zacz\u0105\u0107 \u015bwieci\u0107 na sta\u0142e, a sie\u0107 IPCAM-AP-xxxxx-xxxxx powinna przesta\u0107 by\u0107 widoczna. Je\u017celi co\u015b posz\u0142o nie tak mo\u017cemy powt\u00f3rzy\u0107 wszystkie kroki jeszcze raz. Je\u017celi chcemy kamer\u0119 przywr\u00f3ci\u0107 do ustawie\u0144 fabrycznych nale\u017cy nacisn\u0105\u0107 i przytrzyma\u0107 przez kilkana\u015bcie sekund przycisk reset kamery.<\/p>\n","protected":false},"excerpt":{"rendered":"<p>Kamery Eurocam \u0142\u0105cz\u0105 si\u0119 z internetem tylko poprzez \u0142\u0105cze WIFI. Ustawione fabrycznie nie s\u0105 pod\u0142\u0105czone do \u017cadnej sieci. Jak wi\u0119c po\u0142\u0105czy\u0107 je z naszym AP (Access Point) WIFI? Je\u017celi kamera nie ma zestawionego po\u0142\u0105czenia to sama dzia\u0142a w trybie AP. <a class=\"more-link\" href=\"https:\/\/motronik.com.pl\/index.php\/urzadzenia-fiskalne\/162-2\/instalacja-kamery-eurocam\/\">Czytaj wi\u0119cej&#8230;<\/a><\/p>\n","protected":false},"author":1,"featured_media":0,"parent":162,"menu_order":1,"comment_status":"closed","ping_status":"closed","template":"","meta":{"footnotes":""},"class_list":["post-569","page","type-page","status-publish","hentry"],"_links":{"self":[{"href":"https:\/\/motronik.com.pl\/index.php\/wp-json\/wp\/v2\/pages\/569","targetHints":{"allow":["GET"]}}],"collection":[{"href":"https:\/\/motronik.com.pl\/index.php\/wp-json\/wp\/v2\/pages"}],"about":[{"href":"https:\/\/motronik.com.pl\/index.php\/wp-json\/wp\/v2\/types\/page"}],"author":[{"embeddable":true,"href":"https:\/\/motronik.com.pl\/index.php\/wp-json\/wp\/v2\/users\/1"}],"replies":[{"embeddable":true,"href":"https:\/\/motronik.com.pl\/index.php\/wp-json\/wp\/v2\/comments?post=569"}],"version-history":[{"count":8,"href":"https:\/\/motronik.com.pl\/index.php\/wp-json\/wp\/v2\/pages\/569\/revisions"}],"predecessor-version":[{"id":610,"href":"https:\/\/motronik.com.pl\/index.php\/wp-json\/wp\/v2\/pages\/569\/revisions\/610"}],"up":[{"embeddable":true,"href":"https:\/\/motronik.com.pl\/index.php\/wp-json\/wp\/v2\/pages\/162"}],"wp:attachment":[{"href":"https:\/\/motronik.com.pl\/index.php\/wp-json\/wp\/v2\/media?parent=569"}],"curies":[{"name":"wp","href":"https:\/\/api.w.org\/{rel}","templated":true}]}}