{"id":589,"date":"2016-04-27T10:28:07","date_gmt":"2016-04-27T08:28:07","guid":{"rendered":"http:\/\/motronik.com.pl\/?page_id=589"},"modified":"2016-05-11T14:17:25","modified_gmt":"2016-05-11T12:17:25","slug":"instalacja-kamery-eurocam-smartfonem","status":"publish","type":"page","link":"https:\/\/motronik.com.pl\/index.php\/urzadzenia-fiskalne\/162-2\/instalacja-kamery-eurocam-smartfonem\/","title":{"rendered":"Instalacja kamery smartfonem"},"content":{"rendered":"<p>W pierwszej kolejno\u015bci musimy zainstalowa\u0107 aplikacj\u0119 <strong>p2pwificam<\/strong><\/p>\n<p><a href=\"http:\/\/motronik.com.pl\/wp-content\/uploads\/2016\/04\/Screenshot_2016-04-06-19-23-58.png\" rel=\"attachment wp-att-579\"><img loading=\"lazy\" decoding=\"async\" class=\"size-full wp-image-579 aligncenter\" src=\"http:\/\/motronik.com.pl\/wp-content\/uploads\/2016\/04\/Screenshot_2016-04-06-19-23-58.png\" alt=\"Screenshot_2016-04-06-19-23-58\" width=\"720\" height=\"1280\" srcset=\"https:\/\/motronik.com.pl\/wp-content\/uploads\/2016\/04\/Screenshot_2016-04-06-19-23-58.png 720w, https:\/\/motronik.com.pl\/wp-content\/uploads\/2016\/04\/Screenshot_2016-04-06-19-23-58-169x300.png 169w, https:\/\/motronik.com.pl\/wp-content\/uploads\/2016\/04\/Screenshot_2016-04-06-19-23-58-576x1024.png 576w\" sizes=\"auto, (max-width: 720px) 100vw, 720px\" \/><\/a><\/p>\n<p>Po w\u0142\u0105czeniu kamery do pr\u0105du i odczekaniu do 3 minut powinni\u015bmy sie\u0107 WIFI kamery do kt\u00f3rej musimy pod\u0142\u0105czy\u0107 naszego smartfona.<\/p>\n<p><a href=\"http:\/\/motronik.com.pl\/wp-content\/uploads\/2016\/05\/Screenshot_2016-04-06-19-23-23a.png\" rel=\"attachment wp-att-604\"><img loading=\"lazy\" decoding=\"async\" class=\"alignnone size-full wp-image-604\" src=\"http:\/\/motronik.com.pl\/wp-content\/uploads\/2016\/05\/Screenshot_2016-04-06-19-23-23a.png\" alt=\"Screenshot_2016-04-06-19-23-23a\" width=\"720\" height=\"1280\" srcset=\"https:\/\/motronik.com.pl\/wp-content\/uploads\/2016\/05\/Screenshot_2016-04-06-19-23-23a.png 720w, https:\/\/motronik.com.pl\/wp-content\/uploads\/2016\/05\/Screenshot_2016-04-06-19-23-23a-169x300.png 169w, https:\/\/motronik.com.pl\/wp-content\/uploads\/2016\/05\/Screenshot_2016-04-06-19-23-23a-576x1024.png 576w\" sizes=\"auto, (max-width: 720px) 100vw, 720px\" \/><\/a><\/p>\n<p>Nast\u0119pnym krokiem jest dodanie nowej kamery w p2pwificam.<\/p>\n<p><a href=\"http:\/\/motronik.com.pl\/wp-content\/uploads\/2016\/05\/Screenshot_2016-04-06-19-26-47a-1.png\" rel=\"attachment wp-att-608\"><img loading=\"lazy\" decoding=\"async\" class=\"alignnone size-full wp-image-608\" src=\"http:\/\/motronik.com.pl\/wp-content\/uploads\/2016\/05\/Screenshot_2016-04-06-19-26-47a-1.png\" alt=\"Screenshot_2016-04-06-19-26-47a\" width=\"720\" height=\"1280\" srcset=\"https:\/\/motronik.com.pl\/wp-content\/uploads\/2016\/05\/Screenshot_2016-04-06-19-26-47a-1.png 720w, https:\/\/motronik.com.pl\/wp-content\/uploads\/2016\/05\/Screenshot_2016-04-06-19-26-47a-1-169x300.png 169w, https:\/\/motronik.com.pl\/wp-content\/uploads\/2016\/05\/Screenshot_2016-04-06-19-26-47a-1-576x1024.png 576w\" sizes=\"auto, (max-width: 720px) 100vw, 720px\" \/><\/a><\/p>\n<p>Wybieramy Add new camera<\/p>\n<p><a href=\"http:\/\/motronik.com.pl\/wp-content\/uploads\/2016\/04\/Screenshot_2016-04-06-19-25-34.png\" rel=\"attachment wp-att-581\"><img loading=\"lazy\" decoding=\"async\" class=\"size-full wp-image-581 aligncenter\" src=\"http:\/\/motronik.com.pl\/wp-content\/uploads\/2016\/04\/Screenshot_2016-04-06-19-25-34.png\" alt=\"Screenshot_2016-04-06-19-25-34\" width=\"720\" height=\"1280\" srcset=\"https:\/\/motronik.com.pl\/wp-content\/uploads\/2016\/04\/Screenshot_2016-04-06-19-25-34.png 720w, https:\/\/motronik.com.pl\/wp-content\/uploads\/2016\/04\/Screenshot_2016-04-06-19-25-34-169x300.png 169w, https:\/\/motronik.com.pl\/wp-content\/uploads\/2016\/04\/Screenshot_2016-04-06-19-25-34-576x1024.png 576w\" sizes=\"auto, (max-width: 720px) 100vw, 720px\" \/><\/a><\/p>\n<p><strong>Name<\/strong> to nazwa kamery, mo\u017cemy wpisa\u0107 dowoln\u0105 nazw\u0119. <strong>User<\/strong> to u\u017cytkownik w sieci p2p, standardowo <strong>admin <\/strong>has\u0142o standardowe<strong> admin.<\/strong><\/p>\n<p><strong>DID<\/strong> to numer kamery. Mo\u017cemy go przepisa\u0107 r\u0119cznie z kamery lub pude\u0142ka, ale mo\u017cemy to zrobi\u0107 za pomoc\u0105 wbudowanej w smartfon kamery, poprzez wybranie <strong>Scan ID<\/strong>.<\/p>\n<p><a href=\"http:\/\/motronik.com.pl\/wp-content\/uploads\/2016\/04\/Screenshot_2016-04-06-19-26-13.png\" rel=\"attachment wp-att-583\"><img loading=\"lazy\" decoding=\"async\" class=\"size-full wp-image-583 aligncenter\" src=\"http:\/\/motronik.com.pl\/wp-content\/uploads\/2016\/04\/Screenshot_2016-04-06-19-26-13.png\" alt=\"Screenshot_2016-04-06-19-26-13\" width=\"1280\" height=\"720\" srcset=\"https:\/\/motronik.com.pl\/wp-content\/uploads\/2016\/04\/Screenshot_2016-04-06-19-26-13.png 1280w, https:\/\/motronik.com.pl\/wp-content\/uploads\/2016\/04\/Screenshot_2016-04-06-19-26-13-300x169.png 300w, https:\/\/motronik.com.pl\/wp-content\/uploads\/2016\/04\/Screenshot_2016-04-06-19-26-13-768x432.png 768w, https:\/\/motronik.com.pl\/wp-content\/uploads\/2016\/04\/Screenshot_2016-04-06-19-26-13-1024x576.png 1024w, https:\/\/motronik.com.pl\/wp-content\/uploads\/2016\/04\/Screenshot_2016-04-06-19-26-13-400x225.png 400w, https:\/\/motronik.com.pl\/wp-content\/uploads\/2016\/04\/Screenshot_2016-04-06-19-26-13-780x439.png 780w\" sizes=\"auto, (max-width: 1280px) 100vw, 1280px\" \/><\/a><\/p>\n<p>Kod kamery zostanie zeskanowany i umieszczony w polu <strong>DID<\/strong><\/p>\n<p><a href=\"http:\/\/motronik.com.pl\/wp-content\/uploads\/2016\/05\/Screenshot_2016-04-06-19-26-01a.png\" rel=\"attachment wp-att-606\"><img loading=\"lazy\" decoding=\"async\" class=\"alignnone size-full wp-image-606\" src=\"http:\/\/motronik.com.pl\/wp-content\/uploads\/2016\/05\/Screenshot_2016-04-06-19-26-01a.png\" alt=\"Screenshot_2016-04-06-19-26-01a\" width=\"720\" height=\"1280\" srcset=\"https:\/\/motronik.com.pl\/wp-content\/uploads\/2016\/05\/Screenshot_2016-04-06-19-26-01a.png 720w, https:\/\/motronik.com.pl\/wp-content\/uploads\/2016\/05\/Screenshot_2016-04-06-19-26-01a-169x300.png 169w, https:\/\/motronik.com.pl\/wp-content\/uploads\/2016\/05\/Screenshot_2016-04-06-19-26-01a-576x1024.png 576w\" sizes=\"auto, (max-width: 720px) 100vw, 720px\" \/><\/a><\/p>\n<p>Zostaje man jeszcze wpisa\u0107 has\u0142o (standardowe<strong> admin<\/strong>) i mamy dodan\u0105 i pod\u0142\u0105czon\u0105 (Online) kamer\u0119.<\/p>\n<p>&nbsp;<\/p>\n<p><a href=\"http:\/\/motronik.com.pl\/wp-content\/uploads\/2016\/05\/Screenshot_2016-04-06-19-26-47a.png\" rel=\"attachment wp-att-607\"><img loading=\"lazy\" decoding=\"async\" class=\"alignnone size-full wp-image-607\" src=\"http:\/\/motronik.com.pl\/wp-content\/uploads\/2016\/05\/Screenshot_2016-04-06-19-26-47a.png\" alt=\"Screenshot_2016-04-06-19-26-47a\" width=\"720\" height=\"1280\" srcset=\"https:\/\/motronik.com.pl\/wp-content\/uploads\/2016\/05\/Screenshot_2016-04-06-19-26-47a.png 720w, https:\/\/motronik.com.pl\/wp-content\/uploads\/2016\/05\/Screenshot_2016-04-06-19-26-47a-169x300.png 169w, https:\/\/motronik.com.pl\/wp-content\/uploads\/2016\/05\/Screenshot_2016-04-06-19-26-47a-576x1024.png 576w\" sizes=\"auto, (max-width: 720px) 100vw, 720px\" \/><\/a><\/p>\n<p>Klikaj\u0105c w ikon\u0119 ko\u0142a z\u0119batego wchodzimy w ustawienia kamery.<\/p>\n<p><a href=\"http:\/\/motronik.com.pl\/wp-content\/uploads\/2016\/04\/Screenshot_2016-04-06-19-27-10.png\" rel=\"attachment wp-att-585\"><img loading=\"lazy\" decoding=\"async\" class=\"size-full wp-image-585 aligncenter\" src=\"http:\/\/motronik.com.pl\/wp-content\/uploads\/2016\/04\/Screenshot_2016-04-06-19-27-10.png\" alt=\"Screenshot_2016-04-06-19-27-10\" width=\"720\" height=\"1280\" srcset=\"https:\/\/motronik.com.pl\/wp-content\/uploads\/2016\/04\/Screenshot_2016-04-06-19-27-10.png 720w, https:\/\/motronik.com.pl\/wp-content\/uploads\/2016\/04\/Screenshot_2016-04-06-19-27-10-169x300.png 169w, https:\/\/motronik.com.pl\/wp-content\/uploads\/2016\/04\/Screenshot_2016-04-06-19-27-10-576x1024.png 576w\" sizes=\"auto, (max-width: 720px) 100vw, 720px\" \/><\/a><\/p>\n<p>Wybieraj\u0105c pozycj\u0119 <strong>WIFI Setting<\/strong> mamy mo\u017cliwo\u015b\u0107 pod\u0142\u0105czenia kamery do sieci WIFI.<\/p>\n<p><a href=\"http:\/\/motronik.com.pl\/wp-content\/uploads\/2016\/04\/Screenshot_2016-04-06-19-28-27.png\" rel=\"attachment wp-att-586\"><img loading=\"lazy\" decoding=\"async\" class=\"size-full wp-image-586 aligncenter\" src=\"http:\/\/motronik.com.pl\/wp-content\/uploads\/2016\/04\/Screenshot_2016-04-06-19-28-27.png\" alt=\"Screenshot_2016-04-06-19-28-27\" width=\"720\" height=\"1280\" srcset=\"https:\/\/motronik.com.pl\/wp-content\/uploads\/2016\/04\/Screenshot_2016-04-06-19-28-27.png 720w, https:\/\/motronik.com.pl\/wp-content\/uploads\/2016\/04\/Screenshot_2016-04-06-19-28-27-169x300.png 169w, https:\/\/motronik.com.pl\/wp-content\/uploads\/2016\/04\/Screenshot_2016-04-06-19-28-27-576x1024.png 576w\" sizes=\"auto, (max-width: 720px) 100vw, 720px\" \/><\/a><\/p>\n<p>Search WIFI wyszukuje nam istniej\u0105ce sieci. Klikni\u0119cie w wybran\u0105 sie\u0107 i wpisanie do niej has\u0142a \u0142\u0105czy kamer\u0119 w WIFI. Instalacj\u0119 mamy zako\u0144czon\u0105 je\u017celi niebieska dioda na kamerze \u015bwieci si\u0119 na sta\u0142e. Je\u017celi co\u015b posz\u0142o nie tak mo\u017cemy powt\u00f3rzy\u0107 wszystkie kroki jeszcze raz.<\/p>\n<p><strong>UWAGA! <\/strong>W ten spos\u00f3b nie jeste\u015bmy w stanie ustawi\u0107 wszystkich opcji kamery. Szczeg\u00f3\u0142owe ustawianie kamery mo\u017cna zrobi\u0107 za pomoc\u0105 laptopa.<\/p>\n","protected":false},"excerpt":{"rendered":"<p>W pierwszej kolejno\u015bci musimy zainstalowa\u0107 aplikacj\u0119 p2pwificam Po w\u0142\u0105czeniu kamery do pr\u0105du i odczekaniu do 3 minut powinni\u015bmy sie\u0107 WIFI kamery do kt\u00f3rej musimy pod\u0142\u0105czy\u0107 naszego smartfona. Nast\u0119pnym krokiem jest dodanie nowej kamery w p2pwificam. Wybieramy Add new camera Name <a class=\"more-link\" href=\"https:\/\/motronik.com.pl\/index.php\/urzadzenia-fiskalne\/162-2\/instalacja-kamery-eurocam-smartfonem\/\">Czytaj wi\u0119cej&#8230;<\/a><\/p>\n","protected":false},"author":1,"featured_media":0,"parent":162,"menu_order":2,"comment_status":"closed","ping_status":"closed","template":"","meta":{"footnotes":""},"class_list":["post-589","page","type-page","status-publish","hentry"],"_links":{"self":[{"href":"https:\/\/motronik.com.pl\/index.php\/wp-json\/wp\/v2\/pages\/589","targetHints":{"allow":["GET"]}}],"collection":[{"href":"https:\/\/motronik.com.pl\/index.php\/wp-json\/wp\/v2\/pages"}],"about":[{"href":"https:\/\/motronik.com.pl\/index.php\/wp-json\/wp\/v2\/types\/page"}],"author":[{"embeddable":true,"href":"https:\/\/motronik.com.pl\/index.php\/wp-json\/wp\/v2\/users\/1"}],"replies":[{"embeddable":true,"href":"https:\/\/motronik.com.pl\/index.php\/wp-json\/wp\/v2\/comments?post=589"}],"version-history":[{"count":5,"href":"https:\/\/motronik.com.pl\/index.php\/wp-json\/wp\/v2\/pages\/589\/revisions"}],"predecessor-version":[{"id":611,"href":"https:\/\/motronik.com.pl\/index.php\/wp-json\/wp\/v2\/pages\/589\/revisions\/611"}],"up":[{"embeddable":true,"href":"https:\/\/motronik.com.pl\/index.php\/wp-json\/wp\/v2\/pages\/162"}],"wp:attachment":[{"href":"https:\/\/motronik.com.pl\/index.php\/wp-json\/wp\/v2\/media?parent=589"}],"curies":[{"name":"wp","href":"https:\/\/api.w.org\/{rel}","templated":true}]}}