{"id":667,"date":"2018-05-25T13:32:57","date_gmt":"2018-05-25T11:32:57","guid":{"rendered":"http:\/\/motronik.com.pl\/?page_id=667"},"modified":"2018-05-25T13:42:07","modified_gmt":"2018-05-25T11:42:07","slug":"storyous","status":"publish","type":"page","link":"https:\/\/motronik.com.pl\/index.php\/komputery-i-czesci-komputerowe\/dla-gastronomii\/storyous\/","title":{"rendered":"Storyous"},"content":{"rendered":"<p>Innowacyjny System POS dla<br \/>\nMa\u0142ej i \u015aredniej Gastronomii<br \/>\nSystem POS STORYOUS to funkcjonalne rozwi\u0105zanie, kt\u00f3re zaoszcz\u0119dzi Tw\u00f3j<br \/>\nczas i pozwoli skupi\u0107 si\u0119 na Klientach.<br \/>\nOferujemy system POS STORYOUS kt\u00f3ry powsta\u0142 jako odpowied\u017a na potrzeby<br \/>\nma\u0142ej i \u015bredniej gastronomii.<br \/>\nSystemy POS odgrywaj\u0105 wa\u017cn\u0105 rol\u0119 zw\u0142aszcza w gastronomii, oferowane przez<br \/>\nnas systemy POS STORYOUS posiadaj\u0105 wszystko, co umo\u017cliwia wygodn\u0105 prac\u0119 w<br \/>\nnowoczesnym punkcie gastronomicznym.<br \/>\n\u25cf \u0141atwy w obs\u0142udze<br \/>\n\u25cf Przyjazny dla biznesu<br \/>\n\u25cf Bezpieczny<br \/>\n\u25cf Dost\u0119pny z ka\u017cdego miejsca<br \/>\n\u25cf Elastyczny i nowoczesny<br \/>\nPakiet Next<br \/>\nNowa era kas fiskalnych. Urz\u0105dzenie Novitus Next po\u0142\u0105czone z systemem<br \/>\nStoryous, \u0142\u0105czy w sobie tradycyjn\u0105 kas\u0119 fiskaln\u0105 z nowoczesnym systemem POS.<br \/>\nPakiet Startowy<br \/>\nAlternatywa dla kasy fiskalnej. Pakiet sk\u0142adaj\u0105cy si\u0119 z ma\u0142ego tabletu, poza obs\u0142ug\u0105<br \/>\nkasow\u0105 pozwala \u015bledzi\u0107 na bie\u017c\u0105co statystyki oraz raporty sprzeda\u017cy.<br \/>\nPakiet Bistro<br \/>\nSkierowany do lokali prowadz\u0105cych w\u0142asn\u0105 kuchni\u0119. Drukarka kuchenna dost\u0119pna<br \/>\nw tym pakiecie usprawnia proces obs\u0142ugi klienta, poprzez automatyczne<br \/>\nprzekazywanie zam\u00f3wie\u0144 do kuchni.<br \/>\nPakiet Restauracja<br \/>\nZaawansowane rozwi\u0105zanie skierowane do lokali z obs\u0142ug\u0105 kelnersk\u0105. Dzi\u0119ki<br \/>\nmodu\u0142owi mobilnego kelnera zam\u00f3wienia z sali automatycznie trafiaj\u0105 do kuchni, a<br \/>\ndost\u0119pny w tym pakiecie modu\u0142 zarz\u0105dzania magazynem usprawnia proces<br \/>\nremanentu oraz obliczania food cost.<\/p>\n","protected":false},"excerpt":{"rendered":"<p>Innowacyjny System POS dla Ma\u0142ej i \u015aredniej Gastronomii System POS STORYOUS to funkcjonalne rozwi\u0105zanie, kt\u00f3re zaoszcz\u0119dzi Tw\u00f3j czas i pozwoli skupi\u0107 si\u0119 na Klientach. Oferujemy system POS STORYOUS kt\u00f3ry powsta\u0142 jako odpowied\u017a na potrzeby ma\u0142ej i \u015bredniej gastronomii. Systemy POS <a class=\"more-link\" href=\"https:\/\/motronik.com.pl\/index.php\/komputery-i-czesci-komputerowe\/dla-gastronomii\/storyous\/\">Czytaj wi\u0119cej&#8230;<\/a><\/p>\n","protected":false},"author":1,"featured_media":0,"parent":205,"menu_order":5,"comment_status":"closed","ping_status":"closed","template":"","meta":{"footnotes":""},"class_list":["post-667","page","type-page","status-publish","hentry"],"_links":{"self":[{"href":"https:\/\/motronik.com.pl\/index.php\/wp-json\/wp\/v2\/pages\/667","targetHints":{"allow":["GET"]}}],"collection":[{"href":"https:\/\/motronik.com.pl\/index.php\/wp-json\/wp\/v2\/pages"}],"about":[{"href":"https:\/\/motronik.com.pl\/index.php\/wp-json\/wp\/v2\/types\/page"}],"author":[{"embeddable":true,"href":"https:\/\/motronik.com.pl\/index.php\/wp-json\/wp\/v2\/users\/1"}],"replies":[{"embeddable":true,"href":"https:\/\/motronik.com.pl\/index.php\/wp-json\/wp\/v2\/comments?post=667"}],"version-history":[{"count":6,"href":"https:\/\/motronik.com.pl\/index.php\/wp-json\/wp\/v2\/pages\/667\/revisions"}],"predecessor-version":[{"id":678,"href":"https:\/\/motronik.com.pl\/index.php\/wp-json\/wp\/v2\/pages\/667\/revisions\/678"}],"up":[{"embeddable":true,"href":"https:\/\/motronik.com.pl\/index.php\/wp-json\/wp\/v2\/pages\/205"}],"wp:attachment":[{"href":"https:\/\/motronik.com.pl\/index.php\/wp-json\/wp\/v2\/media?parent=667"}],"curies":[{"name":"wp","href":"https:\/\/api.w.org\/{rel}","templated":true}]}}