{"id":807,"date":"2025-12-20T11:48:00","date_gmt":"2025-12-20T10:48:00","guid":{"rendered":"https:\/\/motronik.com.pl\/?page_id=807"},"modified":"2025-12-22T12:47:19","modified_gmt":"2025-12-22T11:47:19","slug":"subiekt-gt","status":"publish","type":"page","link":"https:\/\/motronik.com.pl\/index.php\/insert\/subiekt-gt\/","title":{"rendered":"Subiekt GT"},"content":{"rendered":"\n<figure class=\"wp-block-image size-full\"><a href=\"https:\/\/motronik.com.pl\/wp-content\/uploads\/2025\/12\/subiekt_gt.png\"><img loading=\"lazy\" decoding=\"async\" width=\"430\" height=\"435\" src=\"https:\/\/motronik.com.pl\/wp-content\/uploads\/2025\/12\/subiekt_gt.png\" alt=\"\" class=\"wp-image-808\" srcset=\"https:\/\/motronik.com.pl\/wp-content\/uploads\/2025\/12\/subiekt_gt.png 430w, https:\/\/motronik.com.pl\/wp-content\/uploads\/2025\/12\/subiekt_gt-297x300.png 297w\" sizes=\"auto, (max-width: 430px) 100vw, 430px\" \/><\/a><\/figure>\n\n\n\n<p><strong>Subiekt GT<\/strong> to\u00a0bardzo popularny w Polsce program magazynowo-handlowy firmy InsERT, s\u0142u\u017c\u0105cy do kompleksowego zarz\u0105dzania sprzeda\u017c\u0105, magazynem, klientami i rozrachunkami dla ma\u0142ych i \u015brednich firm.\u00a0Jest to narz\u0119dzie, kt\u00f3re wspiera procesy takie jak wystawianie dokument\u00f3w (faktur, paragon\u00f3w), kontrol\u0119 stan\u00f3w magazynowych, obs\u0142ug\u0119 kontrahent\u00f3w i automatyzacj\u0119 proces\u00f3w handlowych, stanowi\u0105c baz\u0119 dla innych system\u00f3w ksi\u0119gowych i kadrowych.<\/p>\n\n\n\n<p><strong>Subiekt GT<\/strong>&nbsp;jest kolejn\u0105 wersj\u0105 znanych w Polsce system\u00f3w firmy&nbsp;<strong>InsERT<\/strong>:&nbsp;<strong>Subiekta 4<\/strong>,&nbsp;<strong>Subiekta 5<\/strong>&nbsp;i&nbsp;<strong>Subiekta dla Windows<\/strong>. Dzi\u0119ki bogatej funkcjonalno\u015bci i prostej, intuicyjnej obs\u0142udze, program sprawdza si\u0119 w ka\u017cdej sytuacji. Zastosowane technologie i rozwi\u0105zania biznesowe sprawiaj\u0105, \u017ce&nbsp;<strong>Subiekt<\/strong>&nbsp;to najcz\u0119\u015bciej w Polsce wybierany program do wspomagania sprzeda\u017cy.<\/p>\n\n\n\n<figure class=\"wp-block-image size-full\"><a href=\"http:\/\/motronik.com.pl\/wp-content\/uploads\/2025\/12\/obsluga_ksef.png\"><img loading=\"lazy\" decoding=\"async\" width=\"162\" height=\"33\" src=\"http:\/\/motronik.com.pl\/wp-content\/uploads\/2025\/12\/obsluga_ksef.png\" alt=\"\" class=\"wp-image-805\"\/><\/a><\/figure>\n\n\n\n<p>Subiekt GT to rozbudowany&nbsp;<strong>program do sprzeda\u017cy z KSeF<\/strong>&nbsp;i zarazem program do fakturowania KSeF, kt\u00f3ry umo\u017cliwia szybkie wysy\u0142anie, odbieranie i przechowywanie faktur elektronicznych bezpo\u015brednio z poziomu systemu. Dzi\u0119ki pe\u0142nej integracji z Krajowym Systemem e-Faktur (KSeF), ka\u017cdy dokument jest zgodny z obowi\u0105zuj\u0105cymi przepisami i gotowy do natychmiastowego przes\u0142ania. Ten&nbsp;<strong>program do obs\u0142ugi KSeF<\/strong>&nbsp;zapewnia nie tylko bezpiecze\u0144stwo danych, ale tak\u017ce pe\u0142n\u0105 automatyzacj\u0119 proces\u00f3w, co znacz\u0105co przyspiesza codzienn\u0105 prac\u0119 i ogranicza ryzyko b\u0142\u0119d\u00f3w.<\/p>\n\n\n\n<p><strong>Subiekt GT<\/strong>&nbsp;jest sprawnym i szybkim systemem wyposa\u017conym w najnowsze rozwi\u0105zania interfejsowe czyni\u0105ce go programem bardzo ergonomicznym i przyjaznym dla u\u017cytkownika. Jednocze\u015bnie jego wszechstronno\u015b\u0107 i mo\u017cliwo\u015bci konfiguracji czyni\u0105 go produktem niemal dla ka\u017cdego.<\/p>\n\n\n\n<p><strong>Subiekt GT<\/strong>\u00a0jest cz\u0119\u015bci\u0105 linii\u00a0<strong>InsERT GT<\/strong>, kt\u00f3ra zawiera r\u00f3wnie\u017c\u00a0<strong>Rachmistrza GT<\/strong>\u00a0\u2013 program do prowadzenia ksi\u0119gowo\u015bci w formie ksi\u0105\u017cki przychod\u00f3w i rozchod\u00f3w lub ewidencji podatku zrycza\u0142towanego,\u00a0<strong>Rewizora GT<\/strong>\u00a0\u2013 program do prowadzenia ksi\u0119gi handlowej,\u00a0<strong>Gratyfikanta GT<\/strong>\u00a0\u2013 system kadrowo-p\u0142acowy oraz\u00a0<strong>Gestora GT<\/strong>\u00a0\u2013 system zarz\u0105dzania relacjami z klientami. Motor bazy danych zastosowany w programach linii\u00a0<strong>InsERT GT<\/strong>\u00a0to\u00a0Microsoft SQL Server, kt\u00f3ry w bezp\u0142atnej wersji\u00a0Express Edition\u00a0jest dostarczany wraz z systemem.<\/p>\n\n\n\n<p><strong>Kluczowe funkcje i cechy<\/strong><\/p>\n\n\n\n<ul class=\"wp-block-list\">\n<li><strong>Zarz\u0105dzanie Sprzeda\u017c\u0105:<\/strong>\u00a0Wystawianie faktur (VAT, zaliczkowych, koryguj\u0105cych), rachunk\u00f3w, paragon\u00f3w, obs\u0142uga rezerwacji.\u00a0<\/li>\n\n\n\n<li><strong>Zarz\u0105dzanie Magazynem:<\/strong>\u00a0Kontrola stan\u00f3w magazynowych, przyjmowanie i wydawanie towar\u00f3w, obs\u0142uga wielu magazyn\u00f3w.\u00a0<\/li>\n\n\n\n<li><strong>Obs\u0142uga Klient\u00f3w:<\/strong>\u00a0Baza kontrahent\u00f3w, sprawdzanie danych w GUS, obs\u0142uga rozrachunk\u00f3w.\u00a0<\/li>\n\n\n\n<li><strong>Integracja:<\/strong>\u00a0Cz\u0119\u015b\u0107 linii program\u00f3w InsERT GT, wsp\u00f3\u0142pracuje z Rewizorem (ksi\u0119gowo\u015b\u0107), Rachmistrzem (uproszczona ksi\u0119gowo\u015b\u0107), Gratyfikatorem (kadry i p\u0142ace) oraz Gestorem (CRM).\u00a0<\/li>\n\n\n\n<li><strong>Dostosowanie:<\/strong>\u00a0Mo\u017cliwo\u015b\u0107 rozbudowy o dodatkowe funkcje przez platform\u0119 Sfera, dopasowuj\u0105c program do specyficznych potrzeb firmy.\u00a0<\/li>\n\n\n\n<li><strong>U\u017cyteczno\u015b\u0107:<\/strong>\u00a0Intuicyjny interfejs, przyjazny dla u\u017cytkownika, cz\u0119sto wybierany ze wzgl\u0119du na \u0142atwo\u015b\u0107 obs\u0142ugi i bogat\u0105 funkcjonalno\u015b\u0107.\u00a0<\/li>\n<\/ul>\n\n\n\n<h2 class=\"wp-block-heading\">Rozbudowa funkcjonalno\u015bci<\/h2>\n\n\n\n<p><\/p>\n\n\n\n<p>U\u017cytkownikom, kt\u00f3rzy chcieliby dopasowa\u0107&nbsp;<strong>Subiekta GT<\/strong>&nbsp;do specyficznych potrzeb, polecamy&nbsp;<strong>Sfer\u0119 dla Subiekta GT<\/strong>&nbsp;\u2013 dodatek umo\u017cliwiaj\u0105cy rozbudow\u0119 systemu sprzeda\u017cy. Funkcjonalno\u015b\u0107&nbsp;<strong>Subiekta GT<\/strong>&nbsp;rozszerz\u0105 r\u00f3wnie\u017c specjalne pakiety \u2013&nbsp;<strong>niebieski PLUS dla InsERT GT<\/strong>,&nbsp;<strong>zielony PLUS dla InsERT GT<\/strong>&nbsp;i&nbsp;<strong>czerwony PLUS dla InsERT GT<\/strong>.<\/p>\n\n\n\n<p>Integracja programu z&nbsp;<strong>vendero<\/strong>&nbsp;oraz&nbsp;<strong>Sello<\/strong>&nbsp;stwarza ca\u0142kiem nowe mo\u017cliwo\u015bci, sprzyjaj\u0105c poszerzeniu rynku zbytu. Towary z&nbsp;<strong>Subiekta GT<\/strong>&nbsp;mog\u0105 by\u0107 sprzedawane w w internecie \u2013 zar\u00f3wno w sklepie internetowym (<strong>vendero<\/strong>), jak i na aukcjach (<strong>Sello<\/strong>).<\/p>\n\n\n\n<h2 class=\"wp-block-heading\">Opieka posprzeda\u017cowa InsERT GT<\/h2>\n\n\n\n<p>Po zakupie licencji InsERT GT otrzymasz dost\u0119p do&nbsp;<strong>bezp\u0142atnej 3-miesi\u0119cznej opieki posprzeda\u017cowej<\/strong>. Dzi\u0119ki niej wdro\u017cenie naszego oprogramowania w Twojej firmie stanie si\u0119 jeszcze \u0142atwiejsze. Opieka posprzeda\u017cowa obejmuje:<\/p>\n\n\n\n<ul class=\"wp-block-list\">\n<li><strong>Abonament<\/strong>&nbsp;\u2013 funkcja ta zapewni Ci natychmiastowy dost\u0119p do wszystkich aktualizacji, jakie pojawi\u0105 si\u0119 w czasie korzystania z us\u0142ugi;<\/li>\n\n\n\n<li><strong>pakiet dodatkowych funkcji dost\u0119pnych wy\u0142\u0105cznie w Abonamencie<\/strong>&nbsp;\u2013 m.in. pobieranie danych kontrahent\u00f3w z GUS, aktualizacja kurs\u00f3w walut, pakiet e-commerce, e-Sprawozdania finansowe i wiele innych (<a href=\"https:\/\/www.insert.com.pl\/dla_uzytkownikow\/abonament\/funkcje_dodatkowe_w_insert_gt.html\">pe\u0142na lista funkcjonalno\u015bci<\/a>);<\/li>\n\n\n\n<li><strong>teleKonsultant<\/strong>&nbsp;\u2013 w razie potrzeby skontaktuj si\u0119 ze specjalist\u0105 Dzia\u0142u Pomocy Technicznej InsERT pod indywidualnie przypisanym numerem telefonu. Z tej us\u0142ugi mo\u017cesz korzysta\u0107 od poniedzia\u0142ku do pi\u0105tku w godzinach od 8:00 do 20:00;<\/li>\n\n\n\n<li><strong>e-Archiwizacja<\/strong>&nbsp;\u2013 tw\u00f3rz zaszyfrowane kopie zapasowe wa\u017cnych danych z program\u00f3w InsERT GT w oparciu o platform\u0119 Microsoft Azure. Masz do dyspozycji 10 GB przestrzeni dyskowej w chmurze, co pozwoli Ci bezpiecznie przechowywa\u0107 istotne pliki bez obaw o awari\u0119 komputera czy brak miejsca na fizycznych no\u015bnikach.<\/li>\n<\/ul>\n","protected":false},"excerpt":{"rendered":"<p>Subiekt GT to\u00a0bardzo popularny w Polsce program magazynowo-handlowy firmy InsERT, s\u0142u\u017c\u0105cy do kompleksowego zarz\u0105dzania sprzeda\u017c\u0105, magazynem, klientami i rozrachunkami dla ma\u0142ych i \u015brednich firm.\u00a0Jest to narz\u0119dzie, kt\u00f3re wspiera procesy takie jak wystawianie dokument\u00f3w (faktur, paragon\u00f3w), kontrol\u0119 stan\u00f3w magazynowych, obs\u0142ug\u0119 kontrahent\u00f3w <a class=\"more-link\" href=\"https:\/\/motronik.com.pl\/index.php\/insert\/subiekt-gt\/\">Czytaj wi\u0119cej&#8230;<\/a><\/p>\n","protected":false},"author":1,"featured_media":0,"parent":794,"menu_order":0,"comment_status":"closed","ping_status":"closed","template":"","meta":{"footnotes":""},"class_list":["post-807","page","type-page","status-publish","hentry"],"_links":{"self":[{"href":"https:\/\/motronik.com.pl\/index.php\/wp-json\/wp\/v2\/pages\/807","targetHints":{"allow":["GET"]}}],"collection":[{"href":"https:\/\/motronik.com.pl\/index.php\/wp-json\/wp\/v2\/pages"}],"about":[{"href":"https:\/\/motronik.com.pl\/index.php\/wp-json\/wp\/v2\/types\/page"}],"author":[{"embeddable":true,"href":"https:\/\/motronik.com.pl\/index.php\/wp-json\/wp\/v2\/users\/1"}],"replies":[{"embeddable":true,"href":"https:\/\/motronik.com.pl\/index.php\/wp-json\/wp\/v2\/comments?post=807"}],"version-history":[{"count":2,"href":"https:\/\/motronik.com.pl\/index.php\/wp-json\/wp\/v2\/pages\/807\/revisions"}],"predecessor-version":[{"id":811,"href":"https:\/\/motronik.com.pl\/index.php\/wp-json\/wp\/v2\/pages\/807\/revisions\/811"}],"up":[{"embeddable":true,"href":"https:\/\/motronik.com.pl\/index.php\/wp-json\/wp\/v2\/pages\/794"}],"wp:attachment":[{"href":"https:\/\/motronik.com.pl\/index.php\/wp-json\/wp\/v2\/media?parent=807"}],"curies":[{"name":"wp","href":"https:\/\/api.w.org\/{rel}","templated":true}]}}